- 14*q - 490 + 488. Let z(f) = f. Let v be z(3). Let n be l(v). What is the greatest common factor of n and 22?
22
Suppose -154*w - 193 = -156*w + 5*u, -u - 402 = -5*w. Calculate the greatest common divisor of 1501 and w.
79
Suppose -2*z = -3*b + 70 + 28, 4*z = -16. Suppose -b*t + 26*t + 40 = 0. Suppose -2*f + 252 = t*f. Calculate the highest common factor of f and 189.
21
Let a(u) = u**3 - 2*u + 1. Let y(c) = -c**2 - 4*c. Let n be y(-3). Let s be a(n). Let d = 1842069 + -1841959. Calculate the highest common divisor of s and d.
22
Let f = -24 - -46. Let c(r) = -r**2 - 2*r + 5. Suppose 29 - 20 = -3*u. Let t be c(u). What is the greatest common divisor of t and f?
2
Suppose -1663*p = -1659*p - 2*l - 630, p - 175 = 4*l. What is the highest common divisor of 200 and p?
5
Let c be (-12)/72*31*-6. What is the greatest common factor of c and 2?
1
Let r be 687 - ((-56)/10 - -12*1/(-30)). Calculate the highest common divisor of r and 539.
77
Let r be (-231)/(2 - -19) - (-4 + -45). Calculate the greatest common factor of r and 1406.
38
Let a = -2059 + 2203. What is the highest common divisor of a and 3672?
72
Let b = -1 + 3. Let x(z) be the first derivative of 2*z**3/3 + 33*z**2/2 - 11*z + 8. Let t be x(-17). Calculate the greatest common factor of t and b.
2
Let f(v) = -1. Let p(c) = 44*c - 68. Let l(h) = -3*f(h) + p(h). Let i be l(4). What is the highest common divisor of i and 148?
37
Let p = 170 + -142. Let k = 14 + p. Suppose 2*g + 1352 = 4*c, c + 5*g - 4*g = 332. Calculate the highest common factor of c and k.
42
Suppose -i - 6 = 5*b, 10*i - 7*i - 8 = -2*b. Suppose 4*f = 3*c + 13, -2*f = -i*c + 9 - 3. Let m = 42 - 7. What is the highest common divisor of m and f?
7
Let s be 29 - (-102 + 4)/(-7). Let p = 0 + 15. Calculate the greatest common divisor of s and p.
15
Let z be ((400/15)/(-5))/(4/(-12)). Let m(i) = i**2 - 16*i + 12. Let d be m(z). What is the greatest common divisor of d and 8?
4
Suppose 110 + 43 = -41*o + 50*o. Calculate the highest common factor of 61 and o.
1
Let k = -10310 - -10339. What is the greatest common divisor of 10237 and k?
29
Suppose 0 = -2*r - 4*s + 8*s + 1122, s = -5*r + 2805. Let c be 5 - (-1322 - (-4 - -1)). Let k = 1375 - c. What is the highest common divisor of k and r?
51
Let i(l) = 2*l**3 - 83*l**2 + 45*l - 44. Let m be i(41). Suppose -27*w = -32*w + m. What is the greatest common factor of w and 66?
6
Suppose s - 2*s = s. Suppose 0 = -4*g + o + 4, s*g = -3*g - o - 4. Suppose g = -f - f + 264. What is the greatest common factor of f and 12?
12
Suppose 0 = -k + 5 - 2, -2*z + k = -109. Let g = -129 - -117. Let y be 32/g*(-210)/4. Calculate the greatest common divisor of z and y.
28
Suppose 2*i + 14 = -4*b + 322, -3*b = -4*i - 242. Suppose -u = 43*u - 3696. Suppose 88*a - 156 = u*a. Calculate the greatest common factor of b and a.
39
Let c = -85 - -160. Let q = -122 + 135. Suppose 0 = q*f - 74 - 121. What is the highest common divisor of c and f?
15
Suppose 3*m = 12, 5*r + 3*m - 397 = 390. Let c(o) = o**3 + 3*o**2 + 364*o + 1487. Let x be c(-4). Calculate the highest common divisor of x and r.
5
Let y = 194 + 1838. What is the highest common factor of 32 and y?
16
Let j(l) = l**3 + 8*l**2 + 11*l + 184. Let h be j(-9). What is the greatest common divisor of 4664 and h?
4
Let h be (-7735)/(-357) - 4/6. Calculate the highest common divisor of h and 1701.
21
Suppose -1239 = -83*n + 255. Calculate the highest common divisor of n and 8217.
9
Let f be ((-20)/40)/((-1)/2). What is the greatest common divisor of 333 and f?
1
Let u = -1394 - -1394. Let f(m) = -m**2 - 8*m - 6. Let o be f(-6). Suppose 5*l - 84 - o = u. Calculate the greatest common factor of l and 45.
9
Suppose 1400 = 39*p - 14*p. What is the highest common factor of 184 and p?
8
Suppose b = -2*z + 105, 0 = -0*z + 5*z + 5*b - 250. Suppose 349 + 308 - 30 = 19*h. Calculate the highest common factor of h and z.
11
Let n = 41 - 60. Let f = 19 + n. Suppose -3*r - 12 = f, -4*k = -r - 36 - 28. Calculate the highest common factor of k and 15.
15
Let v = 22405 + -21908. What is the greatest common divisor of v and 49?
7
Suppose 0 = -277*u + 121*u + 126*u + 2730. What is the greatest common factor of 2951 and u?
13
Let u = 2004 + 261. What is the highest common divisor of u and 30?
15
Let g = -60 - -97. Suppose 5*p - 8 = -4*m, 0*m = 2*p + 5*m - 10. Let w(x) = 18*x + 37. Let i be w(p). Calculate the greatest common divisor of g and i.
37
Let g(z) = -2*z - 15. Let f be g(-9). Suppose 2 = 4*c - f*l + l, -l = -3. Let y(q) = -q + 29. Let d be y(11). Calculate the highest common factor of c and d.
2
Let q = -2036 + 3554. What is the greatest common divisor of q and 46?
46
Let k(u) be the third derivative of 7*u**4/24 - 16*u**3 + 136*u**2. Let w be k(14). Calculate the greatest common factor of 94 and w.
2
Let q be (8/14)/(-2 + (-16224)/(-8106)). Let l = 409 - q. Calculate the greatest common factor of l and 1.
1
Let b = 181 + -171. Suppose w + 868 = 1998. What is the highest common factor of w and b?
10
Let b = 11899 - 11874. Let g = -179 - -404. Calculate the highest common divisor of b and g.
25
Let y be (1 - 302/5) + 54/(-90). Let f be (y/35)/(1/(-28)). Let c be (5*2 - -2) + 0. What is the greatest common factor of f and c?
12
Let k = -42 - -52. Suppose a = 4*s + k, 0 = -2*a - 4*s - 1 + 9. Let c be 55/15 + (-4)/a. Calculate the greatest common factor of 2 and c.
1
Suppose 7*k = 1151 - 1235. Let m(v) = 14 - 30 - v**2 - 16 - 19*v. Let x be m(k). What is the greatest common factor of 13 and x?
13
Suppose 0 = 2*n + 5 - 39. Let s be 4 + (7/(14/144) - 0). Let v = 128 + s. What is the greatest common divisor of v and n?
17
Suppose 6 = 9*a - 7*a. Let u be 8 - (a + 1 - 1) - 0. Suppose -42 = -c - 2*h + 48, -u*h = 3*c - 269. Calculate the greatest common divisor of c and 8.
8
Suppose 6*i + w - 858 = 2*i, 2*i + 5*w - 420 = 0. Suppose -5*l + i + 0 = u, -4*l + 5*u = -201. What is the highest common divisor of 836 and l?
44
Suppose -o - 608 = -20*o. Let w(z) = 5*z**2 + 8*z + 16. Let u be w(-4). What is the greatest common factor of o and u?
32
Suppose 4*g = n + 2 - 14, 3*g + 3 = 0. Suppose 0 = -2*v + 22 - n. Suppose -3*b + v = -41. Calculate the highest common factor of 128 and b.
16
Let w(b) = -540*b + 2748. Let o be w(4). Let t(v) = 7*v**3 - 3*v**2 + v + 3. Let l be t(3). Calculate the highest common divisor of l and o.
84
Let m = -73 + 180. Let r = m + -247. Let g = 203 + r. Calculate the greatest common divisor of 7 and g.
7
Let i be (423/(-470))/(1/6)*-20. Calculate the greatest common divisor of 2403 and i.
27
Let o be (-10)/(-3)*15/(-25) + 767. What is the greatest common divisor of 68 and o?
17
Suppose -2*z + 40 = 5*t, -2*t - 68 = -5*z + 90. Suppose 417*s - 20003 = -19169. What is the highest common divisor of s and z?
2
Let f = 29 - 9. Let o be -3 + (-8)/1 + -2 - -3. Let z be o/1*(2 - 12). What is the greatest common divisor of z and f?
20
Suppose 569 - 449 = 12*z. Let u be 0*(-2)/z - -56. Calculate the highest common factor of u and 350.
14
Let d = 66 + -59. Suppose -d*p - 3*p = -140. Suppose -4*l = l + 2*r - 13, -5*r - p = -3*l. Calculate the highest common factor of 39 and l.
3
Let q = -13981 + 17363. Calculate the highest common divisor of q and 38.
38
Suppose -30 = 3*s - l - 105, 2*l = -2*s + 42. Suppose -h = -5*h + 156. Let b be 5/(-1 + h/36). Calculate the greatest common factor of s and b.
12
Suppose -2*q - 132 = -b, -6*b - 654 = -11*b + 4*q. Calculate the highest common factor of 90 and b.
10
Suppose y + y = 2, -4*y - 2236 = -2*g. What is the highest common divisor of 40 and g?
40
Let h be (-8)/16*(-369 - (-2 + 1)). Let z = -58 + h. Suppose 0 = 2*q - z - 70. What is the highest common divisor of q and 14?
14
Let o be (16 + 15 + 1274/(-42))/(2/162). What is the greatest common divisor of 714 and o?
6
Let p be 15 - 3/(-4)*(-8 + 4). Let f = 2 - p. Let a be (9 + -4 + 3)*f/(-2). Calculate the highest common factor of 30 and a.
10
Let c = 61 - 25. Let f(k) = k - 4. Let y be f(5). Let g be 56 + y/1*-2. Calculate the highest common factor of g and c.
18
Let c(v) = -1811*v - 5822. Let n be c(-19). What is the greatest common factor of n and 78?
39
Let m = 34 + 21. Let z = 11847 + -11462. What is the highest common divisor of m and z?
55
Let c(j) = -26*j + 1349. Let y be c(14